at are the prime factors of 160923?
3, 7, 79, 97
List the prime factors of 951885.
3, 5, 11, 641
What are the prime factors of 299030?
2, 5, 17, 1759
List the prime factors of 5169765.
3, 5, 47, 7333
What are the prime factors of 144993?
3, 17, 2843
What are the prime factors of 558433?
17, 107, 307
List the prime factors of 5660343.
3, 13, 101, 479
What are the prime factors of 1771984?
2, 110749
What are the prime factors of 328123?
41, 53, 151
List the prime factors of 16722853.
7, 37, 64567
What are the prime factors of 3394383?
3, 367, 3083
What are the prime factors of 9215475?
3, 5, 19, 29, 223
List the prime factors of 88134.
2, 3, 37, 397
What are the prime factors of 491555?
5, 17, 5783
List the prime factors of 687581.
687581
List the prime factors of 173237.
191, 907
What are the prime factors of 6837072?
2, 3, 11, 23, 563
What are the prime factors of 166063?
166063
What are the prime factors of 2423041?
2423041
List the prime factors of 2126598.
2, 3, 17, 20849
What are the prime factors of 228623?
37, 167
What are the prime factors of 1311804?
2, 3, 13, 2803
What are the prime factors of 14321679?
3, 29, 164617
What are the prime factors of 31889?
11, 13, 223
What are the prime factors of 735404?
2, 113, 1627
What are the prime factors of 5682546?
2, 3, 315697
List the prime factors of 277808.
2, 97, 179
List the prime factors of 912864.
2, 3, 37, 257
List the prime factors of 3177676.
2, 67, 71, 167
What are the prime factors of 250639?
263, 953
List the prime factors of 3401064.
2, 3, 47237
List the prime factors of 680448.
2, 3, 443
List the prime factors of 403064.
2, 50383
What are the prime factors of 3842359?
109, 35251
List the prime factors of 31573.
31573
What are the prime factors of 11388473?
23, 495151
What are the prime factors of 339363?
3, 12569
List the prime factors of 168147.
3, 7, 17, 157
What are the prime factors of 1250908?
2, 312727
List the prime factors of 93169.
93169
What are the prime factors of 195412?
2, 7, 997
What are the prime factors of 6384782?
2, 3192391
What are the prime factors of 665060?
2, 5, 11, 3023
List the prime factors of 686965.
5, 137393
List the prime factors of 932223.
3, 310741
List the prime factors of 3348289.
7, 71, 6737
What are the prime factors of 19510222?
2, 31, 10151
List the prime factors of 7089305.
5, 757, 1873
List the prime factors of 3184784.
2, 199049
List the prime factors of 495654.
2, 3, 82609
List the prime factors of 4620597.
3, 37, 41627
List the prime factors of 1023188.
2, 19, 13463
What are the prime factors of 39927?
3, 13309
What are the prime factors of 2980462?
2, 449, 3319
List the prime factors of 396563.
396563
List the prime factors of 115263.
3, 1423
List the prime factors of 424217.
283, 1499
List the prime factors of 810069.
3, 13, 20771
What are the prime factors of 1532990?
2, 5, 41, 3739
List the prime factors of 2926007.
7, 167, 2503
List the prime factors of 83220.
2, 3, 5, 19, 73
What are the prime factors of 33284598?
2, 3, 5547433
What are the prime factors of 322035?
3, 5, 7, 3067
What are the prime factors of 10128218?
2, 47, 107747
List the prime factors of 187737.
3, 11, 5689
What are the prime factors of 970469?
970469
What are the prime factors of 16574711?
17, 974983
List the prime factors of 415932.
2, 3, 11, 23, 137
What are the prime factors of 794047?
41, 107, 181
List the prime factors of 575970.
2, 3, 5, 73, 263
List the prime factors of 160693.
13, 47, 263
List the prime factors of 36727.
19, 1933
List the prime factors of 4557069.
3, 11, 191, 241
List the prime factors of 1813338.
2, 3, 100741
List the prime factors of 67697.
7, 19, 509
List the prime factors of 3254332.
2, 813583
What are the prime factors of 12299587?
12299587
List the prime factors of 434929.
11, 19, 2081
What are the prime factors of 3622885?
5, 7, 103511
What are the prime factors of 5837101?
23, 253787
List the prime factors of 24804488.
2, 23, 134807
List the prime factors of 664971.
3, 221657
What are the prime factors of 89381?
89381
What are the prime factors of 4282027?
4282027
List the prime factors of 10654114.
2, 103, 51719
What are the prime factors of 843602?
2, 421801
List the prime factors of 532227.
3, 177409
List the prime factors of 4054877.
23, 176299
List the prime factors of 2027684.
2, 449, 1129
What are the prime factors of 3231997?
239, 13523
What are the prime factors of 1461770?
2, 5, 127, 1151
List the prime factors of 373970.
2, 5, 37397
What are the prime factors of 2805668?
2, 701417
What are the prime factors of 456516?
2, 3, 1409
List the prime factors of 1181885.
5, 236377
List the prime factors of 3941141.
59, 67, 997
List the prime factors of 588779.
588779
What are the prime factors of 100840?
2, 5, 2521
What are the prime factors of 5005327?
17, 294431
List the prime factors of 612941.
7, 1787
What are the prime factors of 5512523?
29, 433, 439
What are the prime factors of 6028739?
983, 6133
List the prime factors of 2311674.
2, 3, 385279
What are the prime factors of 237685?
5, 7, 6791
What are the prime factors of 328458?
2, 3, 13, 4211
What are the prime factors of 12411869?
12411869
What are the prime factors of 56092?
2, 37, 379
List the prime factors of 956654.
2, 71, 6737
List the prime factors of 148947.
3, 131, 379
List the prime factors of 3628556.
2, 907139
List the prime factors of 132372.
2, 3, 3677
What are the prime factors of 31883087?
2521, 12647
What are the prime factors of 36610600?
2, 5, 13, 14081
What are the prime factors of 444068?
2, 19, 5843
List the prime factors of 27662498.
2, 13831249
List the prime factors of 2788520.
2, 5, 7, 23, 433
What are the prime factors of 1604617?
7, 41, 5591
What are the prime factors of 126061?
13, 9697
List the prime factors of 166800.
2, 3, 5, 139
List the prime factors of 2928147.
3, 19, 47, 1093
List the prime factors of 778752.
2, 3, 13
List the prime factors of 30101624.
2, 7, 19, 1489
What are the prime factors of 187620?
2, 3, 5, 53, 59
List the prime factors of 217208.
2, 19, 1429
List the prime factors of 3382101.
3, 229, 547
What are the prime factors of 1302279?
3, 11, 19, 31, 67
List the prime factors of 172666.
2, 13, 29, 229
What are the prime factors of 548007?
3, 37, 4937
List the prime factors of 978781.
149, 6569
List the prime factors of 1920644.
2, 11, 43651
List the prime factors of 150490.
2, 5, 101, 149
What are the prime factors of 1286802?
2, 3, 11, 67, 97
List the prime factors of 1390627.
7, 257, 773
List the prime factors of 2742681.
3, 23, 39749
What are the prime factors of 331626?
2, 3, 19, 2909
What are the prime factors of 1269561?
3, 19, 22273
What are the prime factors of 2895096?
2, 3, 71, 1699
List the prime factors of 8472743.
8472743
What are the prime factors of 5156396?
2, 7, 184157
What are the prime factors of 56893?
56893
List the prime factors of 2175797.
13, 31, 5399
List the prime factors of 9627265.
5, 673, 2861
What are the prime factors of 105074?
2, 107, 491
List the prime factors of 2945368.
2, 368171
List the prime factors of 199126.
2, 99563
List the prime factors of 2727764.
2, 13, 52457
List the prime factors of 50683.
50683
List the prime factors of 4414407.
3, 17, 101, 857
List the prime factors of 958332.
2, 3, 79861
What are the prime factors of 19017739?
13, 43, 2617
What are the prime factors of 1822784?
2, 19, 1499
List the prime factors of 619879.
13, 41, 1163
List the prime factors of 366829.
366829
List the prime factors of 1241973.
3, 19, 269
What are the prime factors of 419597?
419597
What are the prime factors of 730612?
2, 182653
What are the prime factors of 834279?
3, 23, 107, 113
List the prime factors of 2840758.
2, 83, 109, 157
What are the prime factors of 746448?
2, 3, 15551
What are the prime factors of 1343674?
2, 671837
What are the prime factors of 30020?
2, 5, 19, 79
List the prime factors of 7670089.
7, 1095727
List the prime factors of 1472015.
5, 294403
What are the prime factors of 354391?
354391
List the prime factors of 287105.
5, 7, 13, 631
What are the prime factors of 939309?
3, 7, 44729
What are the prime factors of 2967294?
2, 3, 11, 44959
List the prime factors of 199368.
2, 3, 13, 71
What are the prime factors of 182147?
7, 26021
List the prime factors of